{"id":7,"date":"2022-11-11T17:29:50","date_gmt":"2022-11-11T16:29:50","guid":{"rendered":"http:\/\/skfiz.fuw.edu.pl\/?page_id=7"},"modified":"2022-11-14T19:22:08","modified_gmt":"2022-11-14T18:22:08","slug":"skfiz","status":"publish","type":"page","link":"https:\/\/skfiz.fuw.edu.pl\/","title":{"rendered":"Studenckie Ko\u0142o Fizyki"},"content":{"rendered":"\n<h2 class=\"has-text-align-center wp-block-heading\">strona w budowie<\/h2>\n\n\n\n<figure class=\"wp-block-image size-large\"><img decoding=\"async\" src=\"https:\/\/i.kym-cdn.com\/entries\/icons\/original\/000\/023\/472\/bob.jpg\" alt=\"\"\/><\/figure>\n\n\n\n<p class=\"has-text-align-center\">w mi\u0119dzyczasie zapraszamy na:<\/p>\n\n\n\n<div class=\"wp-block-columns is-layout-flex wp-container-core-columns-is-layout-28f84493 wp-block-columns-is-layout-flex\">\n<div class=\"wp-block-column is-layout-flow wp-block-column-is-layout-flow\">\n<div class=\"wp-block-buttons is-content-justification-center is-layout-flex wp-container-core-buttons-is-layout-a89b3969 wp-block-buttons-is-layout-flex\">\n<div class=\"wp-block-button\"><a class=\"wp-block-button__link wp-element-button\" href=\"http:\/\/www.fb.com\/events\/642225984294066\" target=\"_blank\" rel=\"noreferrer noopener\">SPOTKANIE Z PROF. TURZY\u0143SKIM<\/a><\/div>\n<\/div>\n<\/div>\n\n\n\n<div class=\"wp-block-column is-layout-flow wp-block-column-is-layout-flow\">\n<div class=\"wp-block-buttons is-content-justification-center is-layout-flex wp-container-core-buttons-is-layout-a89b3969 wp-block-buttons-is-layout-flex\">\n<div class=\"wp-block-button\"><a class=\"wp-block-button__link wp-element-button\" href=\"http:\/\/skfiz.wikidot.com\" target=\"_blank\" rel=\"noreferrer noopener\">STAR\u0104 STRON\u0118 KO\u0141A<\/a><\/div>\n<\/div>\n<\/div>\n<\/div>\n\n\n\n<p class=\"has-text-align-center\">a je\u015bli jeste\u015b giga chadem:<\/p>\n\n\n\n<div class=\"wp-block-columns is-layout-flex wp-container-core-columns-is-layout-28f84493 wp-block-columns-is-layout-flex\">\n<div class=\"wp-block-column is-layout-flow wp-block-column-is-layout-flow\">\n<div class=\"wp-block-buttons is-content-justification-center is-layout-flex wp-container-core-buttons-is-layout-a89b3969 wp-block-buttons-is-layout-flex\">\n<div class=\"wp-block-button\"><a class=\"wp-block-button__link wp-element-button\" href=\"https:\/\/docs.google.com\/forms\/d\/e\/1FAIpQLScrmu7lq0pVlXp3bBJ-RHkEt0Ah2d-2eFVDrmzZ4OyheseHPA\/viewform?usp=sf_link\">SUBSKRYBUJ NEWSLETTER<\/a><\/div>\n<\/div>\n<\/div>\n\n\n\n<div class=\"wp-block-column is-layout-flow wp-block-column-is-layout-flow\">\n<div class=\"wp-block-buttons is-content-justification-center is-layout-flex wp-container-core-buttons-is-layout-a89b3969 wp-block-buttons-is-layout-flex\">\n<div class=\"wp-block-button\"><a class=\"wp-block-button__link wp-element-button\" href=\"https:\/\/docs.google.com\/forms\/d\/e\/1FAIpQLSeHe5jp0W9BykluCwKw5-_IjwGNBlWVmYEzI5xJ557nEAXwpg\/viewform?usp=sf_link\">DO\u0141\u0104CZ DO KO\u0141A<\/a><\/div>\n<\/div>\n<\/div>\n<\/div>\n\n\n\n<div class=\"wp-block-buttons is-layout-flex wp-block-buttons-is-layout-flex\"><\/div>\n","protected":false},"excerpt":{"rendered":"<p>strona w budowie w mi\u0119dzyczasie zapraszamy na: a je\u015bli jeste\u015b giga chadem:<\/p>\n","protected":false},"author":1,"featured_media":0,"parent":0,"menu_order":0,"comment_status":"closed","ping_status":"closed","template":"","meta":{"footnotes":""},"class_list":["post-7","page","type-page","status-publish","hentry"],"_links":{"self":[{"href":"https:\/\/skfiz.fuw.edu.pl\/index.php?rest_route=\/wp\/v2\/pages\/7","targetHints":{"allow":["GET"]}}],"collection":[{"href":"https:\/\/skfiz.fuw.edu.pl\/index.php?rest_route=\/wp\/v2\/pages"}],"about":[{"href":"https:\/\/skfiz.fuw.edu.pl\/index.php?rest_route=\/wp\/v2\/types\/page"}],"author":[{"embeddable":true,"href":"https:\/\/skfiz.fuw.edu.pl\/index.php?rest_route=\/wp\/v2\/users\/1"}],"replies":[{"embeddable":true,"href":"https:\/\/skfiz.fuw.edu.pl\/index.php?rest_route=%2Fwp%2Fv2%2Fcomments&post=7"}],"version-history":[{"count":7,"href":"https:\/\/skfiz.fuw.edu.pl\/index.php?rest_route=\/wp\/v2\/pages\/7\/revisions"}],"predecessor-version":[{"id":44,"href":"https:\/\/skfiz.fuw.edu.pl\/index.php?rest_route=\/wp\/v2\/pages\/7\/revisions\/44"}],"wp:attachment":[{"href":"https:\/\/skfiz.fuw.edu.pl\/index.php?rest_route=%2Fwp%2Fv2%2Fmedia&parent=7"}],"curies":[{"name":"wp","href":"https:\/\/api.w.org\/{rel}","templated":true}]}}